et s(w) = 2*w**2 - 2*w + 1. Let c be s(1). Suppose 8 = 3*t - c. Let x(q) = q**3 - 2*q**2 - q - 3. Give x(t).
3
Let t(u) = 5*u**2 + u. Suppose -18 = -5*l - 3. Suppose -6*w = -4*r - w - 17, -3 = -4*r + w. Suppose 0 = -l*v - r*v + 5. What is t(v)?
6
Let m(w) = 4*w + 3. Let l(j) = j. Let t(o) = -l(o) + m(o). Let b be (-1)/((5/(-15))/(-1)). Calculate t(b).
-6
Let c = -3 + 8. Let a = -1 + c. Suppose 0 = -4*h - 0*h + m - 3, -5*m = a*h - 15. Let g(z) = -z - 6. What is g(h)?
-6
Let j(p) be the second derivative of -p**7/2520 - p**6/90 - p**5/24 + p**4/4 - 3*p. Let i(o) be the third derivative of j(o). Give i(-5).
10
Let j be 1/(7/14 + 2/(-8)). Let t = -2 + 5. Let y(k) = 3*k**3 - 4*k**2 - 4*k**3 + 2*k**t - 3. Calculate y(j).
-3
Let u(v) be the second derivative of v**3/3 + 7*v**2/2 + 14*v. What is u(-5)?
-3
Let r be 6/(-27) - 38/(-9). Let f(u) = -5*u**3 + 2*u**2 - 1. Let a(j) = 6*j**3 - 3*j**2 + 2. Let t(q) = 6*a(q) + 7*f(q). Calculate t(r).
5
Let b(r) = -6*r**3 + 4*r**2 - 11*r - 3. Let q(n) = -5*n**3 + 5*n**2 - 10*n - 3. Let l(t) = -4*b(t) + 5*q(t). What is l(8)?
13
Let u be (-6)/(-10) + 12/(-20). Suppose u = 2*n + n - 12. Let l(z) = z**3 - 3*z**2 - 4*z - 1. Give l(n).
-1
Let q(r) = r**3 + 5*r**2 + 3*r - 4. Let n be q(-3). Let k be (-3)/(-2 - n/(-4)). Let f(s) = -4 - s**2 - s - 2 - k - 2. Give f(0).
-12
Let a(f) = -8*f**3 + 2*f - 1. Suppose 5*i - 3*h - 40 = 0, -37 = -4*i + 2*h - 7. Suppose i*w - 4 = 1. Determine a(w).
-7
Let f(i) = -i**3 - 6*i**2 + 6*i - 8. Let m(u) = -u**2 - 5*u + 7. Let a be m(-7). Let z be f(a). Let p(v) = -10*v**3 + 3*v - 3*v - 1. Give p(z).
9
Let d be 1/4 + (-21)/4. Let r(i) = i - 2. Determine r(d).
-7
Let q(l) = -l**3 + l**2 + 3*l + 1. Suppose 3*o - 13 = 32. Let p be (-4)/(-6) + (-40)/o. Let t be -1*1 + 1 + p. Give q(t).
7
Suppose -14*z + 13*z = 3. Let a(c) = -3*c**2 - 3*c - 1. Give a(z).
-19
Let i(s) = s**3 + 2*s - 1. Let j be i(1). Let n(k) = -3*k + j*k - 4*k. What is n(-2)?
10
Let n(s) be the second derivative of s**5/20 + s**4/3 + s**3/6 - s**2 - 11*s. Calculate n(-2).
4
Let r(m) = -m**2 - 4*m + 1. Let i be 14*-6*(-3)/12. Suppose -3*x - 10 = 5*g, 0 = 5*g - 2*x + i + 14. Let j be g + (4 + 2)/2. Give r(j).
5
Let n(p) = -11*p - 17*p + 45*p - 14*p. Let o be 18/3*(-1)/2. Determine n(o).
-9
Let z(w) = -5*w**2 - 16*w + 7. Let s(t) = t**2 + 4*t - 2. Let l(n) = -9*s(n) - 2*z(n). Let d be (2/6)/(3/81). Suppose -d - 11 = -5*p. Calculate l(p).
4
Let q(z) = z**2 + 9*z + 5. Let t(r) = r. Let v(o) = -q(o) + 5*t(o). Determine v(-5).
-10
Let b be 3 - 1/(3 + -2). Suppose -2*j - b = -w + 1, -2*w - 5*j + 24 = 0. Let u(n) = -2*n**2 - 4 + 0 - w*n - 1. Calculate u(-4).
-9
Let d(q) be the first derivative of q**2 - q - 7. Give d(-2).
-5
Let h(x) = 4*x. Let i(a) = a. Let o(f) = h(f) - 3*i(f). Suppose -22 = -4*z - 2*s - 62, -4*s + 16 = 0. Let l = 6 + z. Give o(l).
-6
Let l(h) = -h + 6 - 7*h - 4*h - h + 9*h**2. Let r(m) = -5*m**2 + 7*m - 3. Let q(k) = -3*l(k) - 5*r(k). What is q(2)?
-3
Let v(i) = -i**2 + 8*i - 7. Suppose 2*y - 14 = -5*d + 21, 0 = -y - 5*d + 25. Let f(u) = u - 4. Let t be f(y). Determine v(t).
5
Let b(q) = 51*q - 3 - 2 - 52*q. Let i be b(-10). Let r(n) = n**3 - 4*n**2 - 4*n - 1. Calculate r(i).
4
Let a(p) = -p**3 + 5*p**2 + 3*p - 5. Let x = 49 + -44. Calculate a(x).
10
Let x(h) be the third derivative of -h**7/1260 - h**6/120 + h**4/24 + 8*h**2. Let u(r) be the second derivative of x(r). Calculate u(-4).
-8
Let x(h) = -h**3 + 4*h + 3. Let i be -2 + (2 - 2)/(-5). Determine x(i).
3
Suppose -5*d = 6*h - h + 5, 27 = 5*d - 3*h. Let o be 1 - (-3)/(-9)*d. Let u(n) = -n**3 + n**2 - n + 1. Determine u(o).
1
Let v be 0 + -3 + 0/(-3). Let n(q) = q**2 + 8*q + 4. Calculate n(v).
-11
Let t(h) be the second derivative of h**7/840 + h**6/90 + h**5/30 + h**4/6 - 5*h**3/6 - h. Let a(y) be the second derivative of t(y). Give a(-4).
-12
Let n(o) = 2*o**3. Let m(l) = l**3. Let w(q) = -8*m(q) + 3*n(q). Let c(d) = d**2 - 21*d - 23. Let z be c(22). Give w(z).
2
Let k be (3/2)/((-39)/(-52)). Let h(o) = o + 2. Let r be h(k). Let n(l) = -l**2 + 4*l - 4. Determine n(r).
-4
Let f(a) = a**2 - a - 2. Let t be ((-2)/(-4))/((-2)/(-16)). Let c = t - 1. Calculate f(c).
4
Suppose 5*p + 6 + 4 = 0. Let g(q) = 2*q**3 + q**2 - q. Let o(a) = 11*a**3 + 2*a**2 - 6*a + 2. Let y(t) = -6*g(t) + o(t). What is y(p)?
-6
Let t(a) be the first derivative of -3*a**4 - a**3/3 + a**2/2 - a - 6. What is t(1)?
-13
Let u(f) = f**2 + f - 3. Let z be u(-2). Let n(h) = -2*h - 1. Let x be n(z). Let t(w) = 3*w - 2*w + 4*w - 1. What is t(x)?
4
Let d(j) = -j**2 + 4*j + 3. Let c(z) = -z**2 + 4*z + 4. Let h(f) = -3*c(f) + 4*d(f). Let r(m) = -6*m + m - 5 + 3*m. Let i be r(-4). Determine h(i).
3
Let u(q) = q**2 + 6*q + 9. Let h(b) = -b**2 - 6*b - 10. Let m(p) = -2*h(p) - 3*u(p). Calculate m(-5).
-2
Let i(b) = -3*b**3 - 22*b**2 - 16*b + 19. Let d(a) = -a**3 - 7*a**2 - 5*a + 6. Let w(t) = 7*d(t) - 2*i(t). Calculate w(-4).
0
Let t(p) = p**2 - 7*p - 4. Suppose 3*c - 29 = -11. What is t(c)?
-10
Let w(l) be the second derivative of -l**5/20 - l**4/3 + l**3/2 - 2*l**2 + 2*l. Let s(j) = -3*j**2 - 13*j + 5. Let x be s(-5). Calculate w(x).
6
Let d(a) be the second derivative of -a**6/180 - a**5/40 - a**4/12 - 2*a**3/3 - 5*a. Let s(o) be the second derivative of d(o). Give s(-2).
-4
Let l(w) be the first derivative of -w + 0*w**2 + 3/4*w**4 - 6 + 1/3*w**3. What is l(1)?
3
Let h(l) = l**2 - 2*l - 1. Let y be h(3). Let p(k) be the first derivative of -2 - 4*k - 1/2*k**y. Determine p(-3).
-1
Let q be (22/(-77))/((-1)/7). Let o(s) = -s + 3*s**3 - q*s**3 + 2*s - 1 - 2*s**3. Suppose -5*p + 5 = -0. Give o(p).
-1
Let x(c) = c**2 - 2*c + 6*c**2 - c**2 - 2*c**2. Let v = -4 - -6. Calculate x(v).
12
Let x(v) = -6*v**3 + v**2 - 4*v - 2. Let r(g) = -7*g**3 + 2*g**2 - 5*g - 2. Let q(f) = 5*r(f) - 6*x(f). Suppose -92*m = -101*m - 36. Calculate q(m).
6
Let l(n) be the second derivative of 1/4*n**4 + 1/2*n**2 - 4*n - 1/6*n**3 + 0. What is l(1)?
3
Let t(n) = -2*n - 5. Let l(s) = s - 21. Let c be l(16). Determine t(c).
5
Let z be 1 - (2 + (-3 - 0)). Suppose -1 = -p + z. Let b(o) = 5*o + 0*o - 3*o. Give b(p).
6
Suppose 0 = 5*k - 5, -5*j + 7*k = 2*k - 25. Let u(g) = 0*g**2 + j*g + 3*g**2 - 2*g**2 + 3. Calculate u(-6).
3
Suppose 0 = 3*x - 4*m - m - 10, 0 = -3*x + 2*m + 13. Let g(t) = -7*t - 2. Let d(s) = 4*s + 1. Let k(q) = x*d(q) + 3*g(q). What is k(-4)?
3
Suppose -h = 2*h - p - 19, -8 = -4*p. Suppose 5*k = 5*y - 10, -k = 4*y - 16 - h. Let s(i) = i**3 - 2*i**2 - i. Give s(k).
6
Suppose z + 16 = -s + 6*z, 5*s - 3*z + 14 = 0. Let w(v) be the second derivative of -v**4/12 - 3*v. Determine w(s).
-1
Let f(i) = -i**2 + 6*i - 2. Suppose 16*r = 19*r + 4*v - 16, 7 = 3*r - 5*v. Calculate f(r).
6
Let k(r) = -57 - 4*r + 53 + 2*r. Give k(-5).
6
Suppose 0*l = 5*p - 4*l + 20, -l = p - 5. Let y(f) = f - 5. Determine y(p).
-5
Let n be 1/((-4)/(-16)*2). Suppose -5*c = -3*i + 29, -4*i + 0*c + 20 = -2*c. Let y(g) = g**i + 4*g**n - 1 - g - 1 - g. Give y(-4).
6
Let n(k) = -k + 2. Let u be 9/3 - 2 - -2. Suppose 3*s - 2*q - 2*q - 12 = 0, -s = -u*q - 9. Give n(s).
2
Let d = 13 - 9. Let r(o) = -d + 4*o - 10*o**2 + 0*o + 5*o**2 + o**3. Determine r(3).
-10
Let r(j) = 3*j - 42. Let t be r(15). Let q(l) be the third derivative of -1/60*l**5 + 0*l - 2*l**2 + 1/24*l**4 + 0 + 1/6*l**3. Calculate q(t).
-5
Let w(g) be the second derivative of -g**4/12 + g**3/6 + g**2/2 + 4*g. Let f be w(-2). Let d(b) = -b - 3. What is d(f)?
2
Let b = 0 - -2. Let c(f) = -f**2 + 7*f + 0*f**b + 2*f**2 + 7. Calculate c(-5).
-3
Let l(q) = -4*q + 1. Let o(a) = 2*a. Let f(n) = 2*l(n) + 5*o(n). Calculate f(-4).
-6
Let v(u) = -4*u**2 + 11*u + 7 + 5*u**2 + 4. Let x be v(-10). Let m = 5 - x. Let y(b) = b. Give y(m).
4
Let f(v) = -v**2. Let y(n) = -6*n**2 + n + 1. Let r(c) = 2*f(c) - y(c). What is r(-1)?
4
Let r(m) = -2 + 47*m - 1 - 1 - 48*m. Suppose -4*a + 21 = 5*n, -3*a + 0*n = -3*n - 9. Let l(j) = -j**2 + 4*j + 4. Let u be l(a). Give r(u).
-8
Let w(o) = -o**2 - 4*o - 2. Suppose -3*b = 5*q, 0 = -7*b + 5*b + 3*q. Let u(t) = -t**2 - 3. Let h be u(b). Calculate w(h).
1
Let m(z) = z**3 - 3*z**2 - 6*z + 3. Let s(q) = -q + 3. Let x be s(3). Let r = 4 - x. Calculate m(r).
-5
Let a(j) = 6*j**2 - 4*j**3 + 4*j**3 - 5*j**3 + 4*j**3 - 8*j + 4. What is a(5)?
-11
Let b(c) be the third derivative of c**5/6